 = 0. Let x(t) = t**2 + 10*t - 1. Determine x(c).
10
Suppose -36 = 9*v - 15*v. Suppose 4*f + 12 = v*f. Let g(p) = -9*p - 4 + 6*p + f*p. Determine g(3).
5
Let p(g) = g**3 + 4*g**2 + g - 4. Let u(a) = 6*a - 82. Suppose 3*q = -r - 6 + 45, 5*q = -2*r + 65. Let i be u(q). Give p(i).
-8
Let r(m) be the third derivative of 110*m**2 + 0 + 1/3*m**4 + 0*m - 1/60*m**5 + m**3. Give r(7).
13
Let a(n) = n**3 - n - 2. Let f(x) = -13*x**3 - 5*x**2 + 25*x + 39. Let w(i) = 12*a(i) + f(i). Give w(-6).
-27
Suppose -444 - 251 = 5*i. Let k = 130 + i. Let s(r) = r**3 + 10*r**2 + 9*r - 4. Calculate s(k).
-4
Let h(u) = -u**3 - 15*u**2 - 17*u + 36. Let d(k) = -k**2 - k - 1. Let j(s) = -4*d(s) + h(s). Determine j(-9).
-5
Let a(n) = n - 19. Let l(q) = -q**3 + 28*q**2 + 2*q - 68. Let w be l(28). Determine a(w).
-31
Let k(p) = 3*p - 6 - 7*p - 5 + 0*p. Give k(-3).
1
Let l(t) = 70*t - 86*t + 6 - 15*t**2 - 2 + t**3. Suppose 0 = -4*q - 2*a + 66, 6*a - 5*a + 63 = 4*q. Let y be l(q). Let m(g) = -g**2 + 4*g - 6. What is m(y)?
-6
Let r(q) = -q + q + 2 + 3*q + q**2. Let g = 7869 + -7872. Determine r(g).
2
Let f be 9/((-18)/4) + 2. Let y(k) = f + 7 + 0*k + k. What is y(-9)?
-2
Let v(y) be the second derivative of -y**5/4 - y**2/2 - y. Suppose 2*p = -r + 21, -p + 1203*r - 1199*r - 75 = 0. Calculate v(p).
-6
Suppose -2684 + 3100 = 32*w. Let y(t) = 2*t**2 - 24*t - 29. What is y(w)?
-3
Let b be (-219)/17 - 1940/16490. Let f(r) = 13*r + 161. Give f(b).
-8
Let g(q) = -3*q**3 + 15*q**2 + 5*q + 13. Let f be (3 + 20/(-6))*15 + 11. Determine g(f).
-65
Let d(c) = -c**2 - 2*c + 16. Suppose -15*x + 18*x = -219. Let r = x - -68. Let n be d(r). Let b(a) = 3*a**2 - a. Give b(n).
2
Let p(n) = n**3 + 7*n**2 + 8*n + 2. Suppose -2*g + 0*g = y - 184, 0 = -3*g - 4*y + 266. Let i(x) = x - 183. Let z be i(83). Let l = z + g. What is p(l)?
-10
Let p(s) = -10*s + 2. Suppose 4*m - 54 = -2*g, 2*m - 7*m = 5*g - 65. Suppose 2*a - 5*x = -m, 3*a + 3*x = 6*x - 12. What is p(a)?
22
Let c(n) = -8*n**2 + 34*n + 6. Let q(w) = -7*w**2 + 30*w + 5. Let y(a) = 6*c(a) - 7*q(a). Calculate y(8).
17
Let x(b) = b**2 + 2*b + 1. Suppose p = -2*h - 2*h + 4, 5*h - 5 = -4*p. Let s(c) = -7*c**2 - 5*c - 13. Let v(m) = h*s(m) + 6*x(m). Calculate v(5).
3
Let v(d) = -d + 9. Let w be (2 + (-55)/(-2))*2. Suppose -1339 + 1131 = 4*u. Let q = w + u. Give v(q).
2
Suppose -3*c + 8*c - 4*b - 327 = 0, -3*c - b + 186 = 0. Suppose c = -4*v + 159. Let s(y) = -23 - v + 47 + y. Give s(3).
3
Let p = 5617 + -5622. Let i(x) = -8*x - 11. Determine i(p).
29
Let l(u) be the third derivative of u**5/60 + 3*u**4/4 + 2*u**3/3 - 386*u**2. What is l(-14)?
-52
Let g(h) be the third derivative of h**4/6 + h**3/2 - 1241*h**2 + h. What is g(-1)?
-1
Let n = 167 + -181. Let x(y) = -2*y**2 - 23*y - 2. Let j(c) = -4*c**2 - 47*c - 5. Let a(v) = -6*j(v) + 11*x(v). What is a(n)?
-6
Let x be (72/(-156))/(7/(-13))*14/3. Let q(z) = 13*z - 15. Determine q(x).
37
Let v(p) = 3*p - 3. Let z be v(3). Let h(u) = -6*u - 5. Let r be h(-16). Let k(s) = r*s - 5 - 163*s - s**2 + 81*s. Determine k(z).
13
Let o(k) = -k**3 + 5*k**2 - k + 7. Let p(v) = -v - 81. Let u be p(15). Let f be (u/(-72))/((-4)/(-15)). Give o(f).
2
Let z(f) = f**3 - 5*f**2 + 2*f - 6. Let j(c) = 7*c - 14 - 3*c + 39. Suppose -5*i + 4*d = 29, 2*i + 3 = -4*d - 3. Let u be j(i). What is z(u)?
4
Let j be (2/1)/(4/(-6)). Let y(d) = -55315 + 27606 + 2*d + d + 27712. What is y(j)?
-6
Let o(a) = -8*a. Let h(k) = -3*k + 3*k**2 + 31 - 4*k**2 - 4*k - 33. Let n be h(-6). Let d be n - (-24)/(-6) - (1 - 2). Calculate o(d).
-8
Let c(s) be the second derivative of -s**8/6720 - s**7/504 - 7*s**6/720 - s**5/30 + 23*s**4/4 - s - 14. Let v(l) be the third derivative of c(l). Give v(-4).
8
Let k(c) = 13*c - 78. Let b be k(22). Let m = b + -215. Let v(y) = y + 10. Calculate v(m).
3
Let p(d) = d**2 - 34*d + 61. Suppose -5*w = -2*x + 5*x - 91, 0 = -x + 3*w + 35. Give p(x).
-3
Let x(m) = -1 - 67664*m**2 + 8*m**3 + 67664*m**2. Determine x(1).
7
Let j(m) = -7*m + 279. Let u be (-10)/20*7*40/(-28) - -34. What is j(u)?
6
Let c(n) = -5*n**2 - 31*n + 343. Let v(g) = 11*g**2 + 64*g - 787. Let y(t) = 9*c(t) + 4*v(t). Calculate y(-21).
-19
Suppose 9*n = 6*n + 5*u + 37, 0 = -5*n + 6*u + 57. Let t(k) = -k**2 - 6*k + 140. Determine t(n).
5
Suppose 2*w - 6*w = -a - 6, 4*w = 2*a + 4. Suppose 8 = -a*x - 2. Let r(k) be the second derivative of -k**4/12 - 7*k**3/6 - 3*k**2 + 3054*k. Determine r(x).
4
Let u = 5 + -10. Let n(m) = -1. Let f(q) = q**2 + 5*q - 1. Let o(r) = u*n(r) - f(r). Suppose -k = 2*h + 17, -4*k - 53 = -h + 6*h. What is o(k)?
-8
Suppose 51*l - 180 = 41*l. Let w(m) = 15*m - 263. Let y be w(l). Let q(u) = u**3 - 8*u**2 + 3*u + 2. Determine q(y).
-26
Let f be ((-14)/(-21))/(-1 + (-15)/(-9)). Let z be 566 - -17 - (2 - f). Let q(k) = -z - 2*k + k + 593. Determine q(10).
1
Suppose 4*p - 245 = 2*r - 223, -3*p + 62 = -5*r. Let i(c) = -3*c**2 - 39*c + 1. What is i(r)?
1
Suppose -13*b + 74 = 48. Let o(a) = a**2 + 2*a + 3. Let l(q) = -2*q**2 - 5*q - 6. Let j(x) = -6*l(x) - 13*o(x). Determine j(b).
1
Let r = 102 + -35. Let t = -64 + r. Let p(g) = -149*g + 144*g - 2*g**3 + g**t + 4 - 6*g**2. Give p(-4).
-8
Let p(l) = l**3 + 10*l**2 - 3*l - 21. Suppose 16*c = -13*c + 145. Suppose 2*z = -25 + c. Give p(z).
9
Let w(h) be the third derivative of h**4/8 - 4*h**3/3 - 552*h**2. Determine w(7).
13
Suppose 2*u = -19*r + 14*r + 21, 15 = 5*u + 5*r. Let a(m) = -m**2 - m - 3. What is a(u)?
-5
Let n(r) = -8*r - 7*r**2 + 55*r**2 - 32*r**2 + 18 - 17*r**2. Determine n(2).
-2
Let i(g) = 6*g - 1. Let o(p) = 178*p + 363. Let l be o(-2). Give i(l).
41
Let u(t) be the second derivative of 17*t**3/6 + t**2/2 - 10*t. Suppose -3*k - 233 = -230. Give u(k).
-16
Let j(h) = -h**3 - 4*h**2 + 5*h + 19. Suppose 4*d + 4*s = 4, -5*d - 77*s = -82*s + 45. What is j(d)?
-1
Let y(q) = 6*q + 2. Suppose 333 = 5*o + 98. Suppose 5*g + 12 = o. Let v(n) = -2*n - 1. Let j(k) = g*v(k) + 2*y(k). Give j(3).
-9
Suppose -416 = 3287*w - 3261*w. Let g(n) = -17*n - 280. Determine g(w).
-8
Let j(o) = -o**3 + 4*o**2 + 31*o - 65. Let d be j(2). Let f(k) = -7*k + k**2 + 3 - 2 + 4. Determine f(d).
-5
Let t(c) = 4*c + 4. Let o be (-25)/50 + 1/2. Let y be (o - 9)*(8 - -1)/27. What is t(y)?
-8
Let z(c) be the first derivative of -2*c**3/3 - 2*c + 1206. Let f = -2 - 1. What is z(f)?
-20
Let v(i) = -7*i**3 + i**2. Let j(p) = p + 25. Let x(d) = 23. Let f(a) = -3*j(a) + 4*x(a). Let q be 8*1*((-52)/16 + 4). Let s be f(q). Give v(s).
8
Let s(z) be the third derivative of 41*z**5/60 - z**4/8 + z**3/3 - 1354*z**2. What is s(1)?
40
Let n be 26/4 + (-1)/2. Let r(j) = -j. Let y(p) = -11*p + 1. Let z(o) = n*r(o) - y(o). Let f be 3/(-1) - (-4 + 0). Calculate z(f).
4
Suppose -10*r + 5 = -25. Let c(g) = -r - 335*g + 4 - 5*g**2 + 333*g. Determine c(2).
-23
Let m(f) = f**2 + 23*f - 3*f**3 - 77*f - 106 + 40*f + 91 + 25*f. Determine m(2).
-13
Let t be (59/(-59))/(1/5) + (12 - -2). Let w(f) = -f**3 + 7*f**2 + 19*f - 10. Determine w(t).
-1
Let u = 25213 - 25230. Let z(p) = p**3 + 16*p**2 + p + 314. What is z(u)?
8
Let p(c) = c**2 + 16*c + 58. Let n be p(-8). Let z(l) = 5*l + 12. Let j(b) = -b + 1. Let r(m) = -3*j(m) - z(m). Give r(n).
-3
Suppose 0 = v - 11*l + 10*l - 2, -72 = -4*v - 4*l. Let g(p) = -2*p**3 + 20*p**2 - 9. What is g(v)?
-9
Let g be 0*(12/9)/(-2)*(-72)/(-240). Let t(h) = -5*h + 5. Give t(g).
5
Let c(p) be the third derivative of -p**6/120 + 23*p**5/60 + p**4 + 4*p**3/3 - 349*p**2. What is c(24)?
8
Suppose 0 = 21*q + 3569 - 3338. Let f be (-4)/22 - 48/(-22). Let y(z) = 1 - 17 + z - f*z. What is y(q)?
-5
Let w(j) be the second derivative of j**4/6 + 4*j**3 + 87*j**2/2 - 2*j + 65. Give w(-5).
17
Let i(c) = c**3 + 17*c**2 + 2*c + 37. Suppose 39 + 80 = -7*o. Let m be i(o). Let y(v) = 0 - 4*v**2 - 3*v**3 + 0*v - 2 + 4*v**3 + v. Determine y(m).
-8
Let x(u) = -u**3 - 8*u**2 + 27. Let t be x(-11). Let o be (t/(-20))/(1/(-2)). Let v(y) = 77*y - 37*y + 7 - o*y. What is v(-6)?
1
Let k = 1378 - 5509/4. Let l(z) be the first derivative of 2*z + 1/3*z**3 + k*z**4 - 1/2*z**2 + 2. Calculate l(-2).
-16
Let d(s) = -2*s - 2. Suppose -8*o = 3*n - 12*o, 0 = 5*o - 15. Suppose 12 + 120 = n*k. Suppose -15 = -3*j - k. Calculate d(j).
10
Suppose 5*n = 13 - 3. Let a(p) = 3 + p**2 + n + 0*p - 3*p - 3*p. Suppose -11*h + 6*h = -3*i - 29, -4*i = -h +